ber?
False
Suppose -h - 183890 = -5*g + 4*h, -3*h = -2*g + 73555. Is g a prime number?
True
Let z(k) = 4*k**2 + 44*k - 37. Let p be z(-11). Let s(b) = -247*b + 370. Is s(p) a prime number?
False
Let n be (-6)/(-10) - (-4)/(-40)*16. Let u(s) = -1539*s. Let l be u(n). Is (-2)/4 - (0 + l/(-2)) a composite number?
False
Let y(o) = o**3 + 14*o**2 + 13*o. Let s be y(-13). Let h be (-3)/(s - 1) + -3. Suppose h = -8*m + 3*m + 905. Is m a prime number?
True
Let a(u) = 0 + 5 + 88*u + 87*u. Suppose -1836 = -23*l - 1376. Is a(l) a composite number?
True
Let t(u) = -20*u + 76. Let z be t(4). Is (-1721)/(-9) + z/18 a prime number?
True
Let b(i) = -172*i - 149. Let z be b(5). Let l = 565 - z. Is l composite?
True
Let j(k) = 12*k**3 + 21*k**2 + 18*k - 15. Is j(8) composite?
True
Let c(b) = 757*b**2 + 52*b + 20. Is c(7) a composite number?
True
Let b = -31 + 7. Let s = b + 27. Suppose 0 = -5*d + s*h + 278, -h - 2*h = 3*d - 186. Is d composite?
True
Let d = 3460 + -1838. Suppose -5*g - d = o, o = 6*o + g + 8182. Let b = -1044 - o. Is b prime?
True
Suppose 15 = 4*t + t. Suppose -4*i = -t*u + 7*u - 872, u - 226 = -3*i. Suppose -5*c + 5 = 0, -5*o + c = -330 - u. Is o a prime number?
True
Let b(k) = 652*k**2 - 74*k - 275. Is b(-4) composite?
False
Let x(z) = -2*z - 15. Let j be x(-11). Suppose 0 = -j*f + 41658 - 11411. Is f a prime number?
False
Let r(x) = 4329*x**3 - 4*x**2 - 2*x + 4. Is r(1) a prime number?
True
Let m(d) be the first derivative of d**3/3 - d**2/2 - 19*d + 6. Let n = 103 + -111. Is m(n) prime?
True
Let r(c) = 14*c**2 - 24*c**2 + 8*c - 7 + 7*c**2 + c**2. Let u be r(1). Is 34*7 + (-2 - u/(-1)) a composite number?
True
Let i = -37 + 40. Suppose -i*z - 2*r - 16 = 0, 3*z + 15 = -r - 2*r. Is 753*(-3)/z*2/3 a prime number?
True
Let u(y) = 207*y**2 + 18*y - 233. Is u(32) composite?
True
Is (-15)/10 + ((-81009)/18)/(-1) composite?
True
Let b = -221311 + 315330. Is b composite?
True
Suppose -32508 = -3*a + 2*j + j, -2*a + 4*j = -21682. Is a composite?
False
Is (-8)/22 - (731425950/330)/(-9) prime?
True
Suppose 0*a + 15 = 5*a. Is (4 - 79203/(-6))/(a/2) a prime number?
True
Suppose 0 = -5*f + 5*z + 76 + 524, -354 = -3*f - 3*z. Let t(x) = -50*x - 72. Let g be t(-5). Let w = g - f. Is w a prime number?
True
Suppose -4*h = -2*k + 51234, 2*h + 9884 = 3*k - 15739. Let z = 19875 + h. Suppose -z + 923 = -5*x. Is x prime?
True
Suppose 0*u = 6*u - 1296. Is (-10*u)/(-1) + -1 a composite number?
True
Let n be 12/(-16) - 6/(-24)*33451. Suppose p = n + 18817. Is p prime?
True
Suppose 0 = -4*f - 174 + 146. Is 1/9 - (f - (-41758)/(-18)) a prime number?
False
Let u = 60773 - -36546. Is u a prime number?
False
Let b be 374/102 - (-2)/(-3). Is 26 - -2233 - 3/(b/2) a composite number?
True
Let v(y) be the third derivative of 5*y**4/24 + 4*y**3/3 + 11*y**2. Let r be v(8). Let l = -29 + r. Is l a composite number?
False
Let q(u) = 1839*u**2 + 231*u + 209. Is q(18) a prime number?
True
Suppose 0 = -2*g - b + 46368, 9*g - 92736 = 5*g - 5*b. Suppose -3*c + 6*c - 11570 = -2*p, g = 4*p - 5*c. Is p prime?
True
Let u(z) be the first derivative of -z**3/3 + z**2/2 + 20*z - 3. Let h be u(4). Suppose 9*c + h*c - 16201 = 0. Is c prime?
True
Suppose -c - 2*x + 0*x = -53, 4*c - 3*x - 179 = 0. Let g = -43 + c. Suppose 1258 = 2*m + g*y, 2*m + y - 6*y = 1258. Is m a composite number?
True
Let q = -596 - -599. Suppose -t + 7737 = x + 2*x, q*t = 0. Is x a composite number?
False
Suppose 5*g + 51 = 351. Suppose -5*n - 4*d = -g, -2*n = -3*n + d + 12. Let u(c) = 12*c - 17. Is u(n) a prime number?
True
Let j = -111 - -393. Let u be 0*-2*1/(-6) - 67. Let r = u + j. Is r composite?
True
Is (22/55 - (-807668)/5) + -12 + 15 prime?
False
Is ((-846942)/(-9))/(-3*(-5)/45) prime?
False
Suppose -51*a + 25168 = -99782. Let k = a - -1877. Is k a composite number?
False
Let h = -61917 + 127414. Is h a prime number?
True
Is (-2 - -1) + 65136/9 - (-12)/18 a composite number?
False
Let o = -907 - -1624. Let j be (2/3)/((-6)/1719). Let i = j + o. Is i composite?
True
Let r = -73438 - -136095. Is r prime?
False
Let f(o) = -240*o - 181. Let n be 36/(-15)*(-50)/(-20). Is f(n) prime?
True
Is (-7320073)/(-59) - 380/11210 a composite number?
True
Let n = -546 + 546. Suppose 3*x - 10*t + 12*t - 1555 = n, -5*x + 2589 = 2*t. Is x composite?
True
Is -2 + 3 + -1 - 2 - (33 + -81634) prime?
False
Let x be (6/(-30))/(2/4)*-1970. Let m = x + -462. Is m composite?
True
Suppose -3*u - 43*h + 41*h = -147825, 0 = h - 3. Is u a prime number?
False
Let z = 3345714 - 2378497. Is z composite?
True
Let q = 9944 - 9928. Let k be (4 + 2)/((-1)/(-1823)). Suppose 22*v - q*v = k. Is v a prime number?
True
Let c = 23 - 8. Suppose 3*p = u + 16, -4*p - u + 27 - 1 = 0. Is p/c - (20976/(-10) + -3) a prime number?
False
Suppose -323850 + 1353307 = 123*x - 2848856. Is x prime?
True
Let b = -101209 - -200526. Is b composite?
False
Let o(p) = -356*p + 250543. Is o(0) a prime number?
True
Let u = -254897 - -476982. Is u a prime number?
False
Let u be (-2)/(13/(-3) - -4). Let d be 2/(-12) - 73*(-1)/u. Suppose 57 + d = m. Is m prime?
False
Let n = -519 + 522. Suppose -4*k = -n*q + 5425, -k + 7246 = 7*q - 3*q. Is q a composite number?
False
Is (742/583)/((-2)/(-67573)) composite?
True
Let j be 2/14 + 568403/77. Let p = j + -2883. Is p composite?
True
Let t be (-308351)/(-38) - ((-6)/4 + 0). Suppose 3*h - t = -2*l, 3*l = 4*h + 16421 - 4247. Is l prime?
False
Suppose 14*l + 3507 = -5901. Let k be 3/(9/(-15))*81. Let z = k - l. Is z prime?
False
Let z = -40 + 444. Suppose -1268 - z = -s. Let d = 429 + s. Is d composite?
True
Let x = -2832 - -1834. Let r = x + 15197. Is r a composite number?
True
Let j(i) = -i**2 + 10*i - 20. Let w be j(11). Let r = -44 - w. Is (r - 0)*(-21 + 4) composite?
True
Let d(v) = 8*v + 17 - v**3 + 12 + 20*v**2 - 18. Is d(18) composite?
True
Let c(i) be the first derivative of 85*i**4/4 + 2*i**3/3 + i**2/2 - 6. Let l be c(-1). Let x = l + 181. Is x prime?
True
Let c(m) = 41*m - m - 36*m - 5*m**2 + 5 + 16*m**3. Is c(4) prime?
False
Let q be (-40)/240 - (86/(-12) - 1). Suppose -q = 2*b, n + 3*b = 6*b + 544. Suppose 2*j - 5*s = 266, -3*s + 0*s = -4*j + n. Is j composite?
True
Let u(z) be the first derivative of 731*z**3 - 5*z**2/2 - 3*z - 408. Suppose -2*v = 4 - 2. Is u(v) composite?
True
Suppose -33513 = 837*w - 840*w. Let y = w + -7149. Is y prime?
False
Let g(x) = 1646*x**3 + 3*x**2 + 3*x - 1. Let o be g(4). Suppose 0 = 4*p - 4*z - 105400, 5*p - o = p + z. Is p a prime number?
False
Let s(k) = -k**3 - 9*k**2. Suppose 30 = -2*g - 3*g + 3*w, -19 = g + 2*w. Let n be s(g). Is n/1 + 317 + -6 composite?
False
Let i(l) = -21*l**2 - 29*l + 47. Let r(b) = 11*b**2 + 15*b - 24. Let u(c) = -3*i(c) - 5*r(c). Suppose -18*s + 110 = -8*s. Is u(s) a prime number?
False
Let p be (-21)/28 - 261563/(-4). Let c be 1/(-3) + p/78. Is c/6*(-2 + 14)/4 a prime number?
True
Let x(p) = p**3 - 14*p**2 - 21*p - 17. Suppose -4*g = -0*g - 76. Let n be x(g). Suppose 5*v - n = 146. Is v prime?
True
Suppose -3*h - 8 = -4*t, 5*h = 2*t - 6 + 16. Let i be (12/7 + -2)/(t/(-35)). Suppose i*o = 3*o - 4*g - 735, -1430 = -2*o - 2*g. Is o a prime number?
True
Suppose 0 = -48*t + 42*t + 114252. Suppose 7*z = t + 24309. Is z a prime number?
False
Let n be (20/(-18) - -1) + (-10936)/(-9). Let f = n - 688. Is f a composite number?
True
Let v(a) = 19*a**2 + 617*a + 151. Is v(-66) composite?
False
Let k(p) = 953*p**2 + 28*p + 217. Is k(20) a prime number?
True
Let w(l) = -31*l**3 - 1125*l**2 + 3*l - 1125*l**2 + 24 + 2253*l**2. Is w(-5) prime?
False
Suppose 5*p - 4*o - 70 = 0, -3*o + 4 = 2*p - 1. Let f be (-5)/3 - p/(-15) - 0. Is f/((2 - 2) + (-1)/865) prime?
False
Suppose 4*s + 11 = -2*t + 5*t, -5*t - 5*s = -30. Let o(h) = 13*h**2 - 9*h + 58. Let g be o(7). Suppose 3*n = t*k + 1872, -n - k + g = -0*k. Is n composite?
True
Let a(k) be the first derivative of 512*k**3 + 3*k**2/2 + 5*k + 99. Is a(-1) a prime number?
False
Is 2/2*(1187560/11 - 7) a prime number?
False
Let d = -2620 + 17487. Is d composite?
False
Let t(u) = -76*u**3 + u**2 + 43*u - 8. Is t(-17) composite?
True
Let z(w) = -6421*w**3 + 4*w**2 + 11*w + 5. Is z(-2) a composite number?
True
Let q(a) = 85*a + 36. Let o be ((-9)/(-6))/(6/92). Is q(o) a prime number?
False
Suppose -4*l = 19 + 5. Let t be l/(-10) + (-1583)/5. Is